t are the prime factors of x?
13
Let y = 173 + -73. What are the prime factors of y?
2, 5
Let u = -155 - -267. What are the prime factors of u?
2, 7
Let a be 1/(2/(-88)*-2). Let r = -7 + a. List the prime factors of r.
3, 5
Suppose -3*n = 2*n. Let w be 0 - n/(-3 + 1). List the prime factors of w + 15 + (3 - 0).
2, 3
Suppose -5*k - 33 = 3*u - 1, 3*u - 2*k + 25 = 0. Suppose 19 = -5*j - 71. Let a = u - j. List the prime factors of a.
3
Suppose -o = -5*a + 10, 2*a = a + 3*o - 12. Suppose -a*f = -0*f - 99. Suppose -2*x = 5*k - f, -18 = 4*x - k - 51. List the prime factors of x.
3
Let j(y) = y**2 - 7*y - 21. What are the prime factors of j(-6)?
3, 19
Let w(i) = 5 + 2*i + i - 4 - 2*i. Let d be w(-1). Let b(z) = z**3 - z**2 - z + 15. List the prime factors of b(d).
3, 5
Suppose -r + 6 + 50 = 0. Let j = r - 36. List the prime factors of j.
2, 5
Suppose 5*i + 74 = 374. List the prime factors of i.
2, 3, 5
Suppose -3*k = -k - 5*s - 1, k + s = 11. Let o = k + -17. What are the prime factors of -3*(1 + 51/o)?
2, 7
Let l = 61 - 32. List the prime factors of l.
29
Let b(v) = v**3 - 2*v**2 + 3*v + 3. What are the prime factors of b(3)?
3, 7
Suppose s = 2*s - 4. Suppose z - s = 3. List the prime factors of z.
7
Let a(k) be the third derivative of -k**4/12 - k**3/6 - k**2. Let x = -6 - -4. What are the prime factors of a(x)?
3
Suppose 4*b = -z + 33, -2*b + 2*z + 19 = 5. Let f = 24 - b. List the prime factors of f.
2
Let t(p) = 10*p**2 + 4*p - 13. What are the prime factors of t(3)?
89
Suppose 4*a + b + 3 = 0, 4*a + 0*a + 6 = 2*b. Let v be (1 - -2)*8/(-6). What are the prime factors of (0 + a)/(-1) - v?
5
Let d(f) = -5*f - 4. Let y(s) = -1. Let v(a) = -d(a) + 4*y(a). Let t be v(1). Let x = 7 - t. List the prime factors of x.
2
Suppose -4 = w - s - 8, 0 = 5*w + 5*s. Let l = w + -8. List the prime factors of 2/4 - 27/l.
5
Let g(p) = 2*p - 9. Let b be g(13). Suppose -28 = -5*h + b. What are the prime factors of h?
3
Suppose -5*i + 3*g = -55, -3*g = 5*i - 1 - 24. Let u = 23 - i. What are the prime factors of u?
3, 5
Let y be 15 + -3 + (-2 - -3). What are the prime factors of -1 + (y - (1 - 2))?
13
Let h = 25 + -21. What are the prime factors of h?
2
Let i(s) = -s**3 - 7*s**2 - 6*s. Let l be i(-6). Suppose l = -3*k - 0*g - 5*g + 28, -g = 2*k - 7. What are the prime factors of (-5)/(k/(1 - 2))?
5
Let s = 70 + -60. List the prime factors of s.
2, 5
Suppose 0 = 2*a - 5*a + 3, -2 = 5*g - 2*a. Suppose g = 3*h + 2 - 29. What are the prime factors of h?
3
Let t(k) = 11*k - 2. Let q be t(5). Let w = q + -38. List the prime factors of w.
3, 5
Suppose 4*s + 4*a = 92, -4*s = -s + 5*a - 79. Let i = s + -13. Suppose 4*z - i*o - 64 = 0, 0 = -5*o - 0*o. List the prime factors of z.
2
Let d(j) = -j**2 - 5*j - 1. Let b be d(-5). Let u = b - 6. Let t = 0 - u. List the prime factors of t.
7
Suppose -5*t - 3 = 27. Let j be (-4)/t - (-100)/12. Let s = j + 6. What are the prime factors of s?
3, 5
Suppose n + 40 = 6*n. Suppose n*t - 23 = 7*t. List the prime factors of t.
23
Suppose -245 = 3*u - 731. What are the prime factors of u?
2, 3
Suppose 5*d - 3*d = 0. What are the prime factors of 26 + (1 - d)*1?
3
Let l(x) = x**3 - 8*x**2 + 11*x + 1. Let y(u) = -u**3 + 8*u**2 - 10*u. Let h(z) = 4*l(z) + 5*y(z). List the prime factors of h(7).
11
Suppose 0 = 3*d - q - 0*q - 449, d - 4*q = 135. List the prime factors of d.
151
Let p(v) = 10*v - 17. List the prime factors of p(14).
3, 41
Let z(c) = -9*c + 6. Let l(p) be the third derivative of 19*p**4/24 - 13*p**3/6 - 2*p**2. Let v(u) = -6*l(u) - 13*z(u). List the prime factors of v(4).
2, 3
Let x be ((-3)/(-1))/((-21)/28). What are the prime factors of x/6 + (-28)/(-6)?
2
List the prime factors of (237/12 + -5)/(2/40).
5, 59
Let j be (-4)/(-18) + (-114)/27. Let v be (-156)/j + 1*-1. Let m = -23 + v. What are the prime factors of m?
3, 5
Suppose -5*j - 163 = -3*i, -2*j + 5*i = 76 - 7. List the prime factors of (-5 + 7 + -3)*j.
2
Let n = -38 - -156. What are the prime factors of n?
2, 59
Let i(c) = 2*c**2 + 5*c - 5. Let r be i(-6). Let a = r + -14. What are the prime factors of a?
23
What are the prime factors of (116/(-6))/(2/(-3))?
29
Let r(b) = b**3 - 7*b**2 - 6*b - 10. What are the prime factors of r(8)?
2, 3
Let n(w) = -w**3 + 10*w**2 + 11*w - 19. List the prime factors of n(9).
7, 23
Let y(c) = -3 + 3*c**3 + 5*c + 9*c**2 + 7 - 2*c**3 - 2*c**2. Let r be y(-6). Let w = r + -6. What are the prime factors of w?
2
Suppose -b + 0 - 8 = 0. Let i(n) = n**2 - 7*n - 8. Let l(w) = 3*w**2 - 13*w - 15. Let o(g) = -5*i(g) + 2*l(g). What are the prime factors of o(b)?
2
Let x be 5*(-39)/(-6)*2. Suppose -3*v - 2*v + x = 0. List the prime factors of v.
13
Let d = -17 - -10. Suppose -3*w = k + 18, 5*w + k + 22 = 2*k. List the prime factors of -15*(d/w - 2).
3
Let n be 18/3*(-1)/(-2). Suppose -3*l - n*z = -15, 0 = 3*l - l - z - 7. Suppose 0 = i + 2*d + 6, -d = -3*i + l*d + 37. List the prime factors of i.
2
List the prime factors of (-5)/(-15)*201 + -3.
2
Let d(y) = 2*y + 11. Let w be d(0). Suppose -3*u + 7 = -w. List the prime factors of u.
2, 3
Let q be (-64)/(-40)*1*10. Suppose r - 4 - q = 0. List the prime factors of r.
2, 5
Suppose 0 = 5*y + 5 - 125. List the prime factors of y.
2, 3
Let i = 12 + -12. Let d(z) = -z**2 - z + 8. List the prime factors of d(i).
2
List the prime factors of 27*((0 - -3) + -2).
3
Let j = 154 + -42. What are the prime factors of j?
2, 7
Suppose -151 - 433 = 2*t. List the prime factors of t/(-18) + 4/(-18).
2
Let t = -5 + 8. Let m be (t/2)/(1/2). Suppose z + 4*x + 15 = -0*z, -3*x = m*z. List the prime factors of z.
5
Let g(y) = -4*y**2 + 2*y - 2. Let s be g(2). Let b = 20 + s. List the prime factors of b.
2, 3
Suppose -11*m = -6*m - 45. What are the prime factors of m?
3
Let g(r) = -r - 8. Let m(t) be the third derivative of -t**3/6 - 2*t**2. Let i(z) = -g(z) + 4*m(z). What are the prime factors of i(5)?
3
Let q(l) = -2*l + 68. List the prime factors of q(0).
2, 17
Let o = -13 + 9. Let n(f) = f**3 + 4*f**2 + 2*f + 2. Let c be n(o). What are the prime factors of (-9)/c + 2/4?
2
Let m be ((-12)/(-15))/((-1)/(-25)). What are the prime factors of ((-1)/(-2))/(1/m)?
2, 5
Suppose 3*u - 5*w - 18 = 2*u, 3*u = 4*w + 21. Suppose u*l = 3*b - 36, -b + 6 = -4*l - 3. What are the prime factors of b?
13
Suppose 6*d = 1107 - 123. What are the prime factors of d?
2, 41
Suppose d = 30 - 1. What are the prime factors of d?
29
Let s = 0 - 0. List the prime factors of 2 - s - (-2 + 0).
2
Suppose 0*u + 12*u - 48 = 0. What are the prime factors of u?
2
What are the prime factors of (16 + 11)/(2/10)?
3, 5
Suppose -2*u + 4*b - 24 = -0*b, 3 = -u - b. List the prime factors of 3/(u/(-22)) - 3.
2
Let t = -384 + 672. List the prime factors of t.
2, 3
Let p = 4 - 4. Let a = p - -4. Suppose 0*d - d = -a. List the prime factors of d.
2
Suppose 124 = j - 5*s, 3*j - 336 = 3*s - 0*s. What are the prime factors of j?
109
Suppose 4*y + 4*o - 5 - 3 = 0, 0 = -3*y - 2*o + 6. Suppose 0 = -y*q + 6*q - 68. What are the prime factors of q?
17
List the prime factors of 62 + (0 - 9) + 4.
3, 19
Let z(u) = 5 + 70*u - 70*u + u**2. Let y = -1 + 1. List the prime factors of z(y).
5
Suppose -o - 49 = -v, 2*o = v - 2*o - 46. List the prime factors of v.
2, 5
Suppose -s + 18 + 16 = 0. Suppose -y + 8 = 2*o + 3*y, 0 = 3*o - 5*y - s. Suppose a = -0 + o. What are the prime factors of a?
2
Let t(o) = 4*o**2 + 5*o - 4. Let h(g) = 3*g**2 + 5*g - 4. Let f(x) = -6*h(x) + 5*t(x). Let s = 10 + -7. What are the prime factors of f(s)?
7
Let y be (-3)/2*6*-1. Suppose 3*a + 210 = y*a. What are the prime factors of a?
5, 7
Suppose 4*h - 2*h = 36. Let j = h - -40. List the prime factors of j.
2, 29
Let z(o) = 12*o**2 + 8*o - 1. What are the prime factors of z(4)?
223
Suppose 0 = -4*n + 22 + 10. Let m be -1*(0 + -5) - 3. Suppose 1 = -m*k + 3*y + 11, 2*k = 2*y + n. List the prime factors of k.
2
Suppose 5 - 17 = -4*y. Suppose -k + 2 = y. What are the prime factors of -2 + 1 - (k + -6)?
2, 3
Suppose 13*z - 130 = 11*z. List the prime factors of z.
5, 13
Let u = -3 - -5. Let a be u - ((-1 - -2) + 0). What are the prime factors of -2*a/5*-20?
2
Suppose 6*y + 260 = 10*y. What are the prime factors of y?
5, 13
Suppose -z + 180 = 3*z. Let o = z + -100. What are the prime factors of 6/(-8) - o/4?
13
Suppose 